4*t + 5. Let u be f(3). List the prime factors of j(u).
2, 3
Suppose 0 = -d - 5*q + 246, 4*q = -4*d + 3*d + 242. Suppose 2*c = 338 + d. List the prime factors of c.
2, 3, 47
Let u = 88 + -170. Let c = -46 - u. List the prime factors of c.
2, 3
Suppose 3*h + 3*s - 87 = 15, -2*h = s - 66. Suppose -y + 2*v + h = 0, v + 2*v - 85 = -2*y. What are the prime factors of y?
2, 19
List the prime factors of 6/27 + (-2410)/(-9) - 5.
263
List the prime factors of 75569/169 + 6/(-39).
3, 149
Let f = -10 - -15. Suppose f*r = -4*s - 109, s + 35 + 6 = -4*r. Let p = 35 + s. List the prime factors of p.
2, 7
Suppose 0 = 9*d - 13*d + 1900. What are the prime factors of d?
5, 19
Suppose 9 - 3 = -3*n. Let u be (18/n)/((-15)/(-10)). List the prime factors of u/27 + 708/27.
2, 13
Suppose -j = -6*j - 4*l - 62, -6 = -3*l. What are the prime factors of (-104)/(-6)*(-21)/j?
2, 13
Let i be 52/6 + (-5)/(-15). Let w = -9 + i. Suppose 0*n - n = -5*y - 10, w = n - 2*y - 7. What are the prime factors of n?
5
Suppose 4*k - 340 = -3*n + 2970, 822 = k - 2*n. Suppose -7*x = -14*x + k. What are the prime factors of x?
2, 59
Let s(f) = -5*f + 191. List the prime factors of s(16).
3, 37
Let n = -97 - -221. Suppose 2*x + n = 8*v - 4*v, 124 = 4*v - 5*x. List the prime factors of v.
31
Suppose 3*y + 4*s = 35, -4*y + s - 5 + 20 = 0. Let z be ((-2)/12 + (-7)/(-42))/2. Suppose 4*k + 4*m - 73 = 39, -m - y = z. What are the prime factors of k?
3, 11
Let a(i) = -i**3 + 5*i**2 + i + 8. Let l be a(6). Suppose 2*m - 4*v - 110 = 0, -4*v = -0*m + 4*m - 160. Let y = m + l. What are the prime factors of y?
23
Let s(u) = u**3 - 5*u**2 + 2*u + 5. Let z be s(4). Let y be 3 + 3/(z/1). Suppose 0 = -k - b + 37, -3 = -b - y. List the prime factors of k.
2, 3
Suppose -19*t + 18*t + 28 = 0. What are the prime factors of t?
2, 7
Suppose -3*p + 530 = -3*j + j, -2*p + 353 = -j. Let i be (-9)/(-27)*(1 + p). Let x = -30 + i. What are the prime factors of x?
29
Suppose 10*y - 5913 = 2957. List the prime factors of y.
887
Suppose 126 + 518 = 7*g. Suppose 2*s - 50 - g = 0. What are the prime factors of s?
71
Suppose -34*t - 2454 = -40*t. What are the prime factors of t?
409
Let z(k) be the first derivative of 2*k**3/3 + 3*k**2/2 + 18*k - 31. List the prime factors of z(7).
137
Let u(c) = c**2 - 25*c + 50. Let w be u(23). List the prime factors of (w/(-3) - -2)/(16/2880).
2, 3, 5
Suppose -108 = -2*x + 70. Suppose -4 = -i + x. What are the prime factors of i?
3, 31
Let d be ((-20)/1)/((-2)/10). Suppose 3*v + 69 = 87. Suppose h = v*h - d. What are the prime factors of h?
2, 5
List the prime factors of ((-4)/16*-853)/(1/8).
2, 853
Suppose 5*l + 0*a - 3*a + 18 = 0, 28 = -4*l - a. Let w(y) = -8*y + 35. List the prime factors of w(l).
83
Let m(o) = 2*o**3 - 6*o**2 - 55. What are the prime factors of m(12)?
43, 59
Let a(o) = o**3 - 3*o**2 + 1. Let t be a(1). Let m be 14*3/(-6)*t. Let y(c) = 2*c - 4. List the prime factors of y(m).
2, 5
Let g(l) = -11*l**2 + 7*l + 4. Let u be g(6). Let h = -170 - u. List the prime factors of h.
2, 3, 5
Let h(v) = 121*v**3 + 6*v**2 - 4*v + 3. List the prime factors of h(2).
3, 7, 47
Let y = -101 - -90. Let v = 188 + y. List the prime factors of v.
3, 59
Suppose 4*x - 1624 = 2*l, -2570 = -4*x + 5*l - 934. What are the prime factors of x?
2, 101
Let t = 345 + 297. List the prime factors of t.
2, 3, 107
Suppose 4*a - 2*l = 2032, -l + 1012 = 5*a - 3*a. What are the prime factors of a?
3, 13
Suppose -70 = 2*y - 7*y. Let j = 22 - y. Suppose -11*c + j*c + 81 = 0. What are the prime factors of c?
3
Let z(h) be the second derivative of 3*h**4/4 + 11*h**2 - 6*h - 5. What are the prime factors of z(-6)?
2, 173
Let f(u) = -u**2 + u + 2. Let g be f(3). Let m be g/6 + 1190/21. Suppose -b + 5*b = m. What are the prime factors of b?
2, 7
Let b = 12 + -10. Suppose 3*h = -b*l + 38, 0 = -l - 4*l - 3*h + 104. What are the prime factors of l?
2, 11
Suppose -10 = 5*y + 5. Let i be (11/y)/(2/12). List the prime factors of 686/22 + 4/i.
31
Let h(q) = -7*q + 5 - q - 38*q. Let f(p) = 23*p - 3. Let w(d) = 7*f(d) + 4*h(d). What are the prime factors of w(-1)?
2, 11
Let u be (-36)/216 - (0 + 523/(-6)). Suppose 507 = 3*a + 3*f + u, -4*f = 5*a - 704. What are the prime factors of a?
2, 3
Let w(x) = x**3 - 7*x**2 + 10*x - 6. Let g be w(7). Suppose g = 2*v - 4*k, 0 = 5*v + 3*k + k - 174. List the prime factors of v.
2, 17
List the prime factors of (3 + 1674)*(3 + (-1 - 1)).
3, 13, 43
Let r(p) = 59*p + 241. What are the prime factors of r(11)?
2, 5, 89
Suppose 0 = 18*b - 1511 - 4969. List the prime factors of b.
2, 3, 5
Let p(q) = -4 + 2*q**2 + 3*q - 5*q**3 + 4*q**3 + 4*q + 4*q**2. What are the prime factors of p(6)?
2, 19
List the prime factors of (-2)/(-1)*(3 + 134).
2, 137
Suppose 7*q - 5*t - 1970 = 2*q, -t = 4*q - 1596. What are the prime factors of q?
2, 199
Suppose -7*q = -2*q + 35. Let h = 11 + q. Let i(n) = n**2 - n + 2. List the prime factors of i(h).
2, 7
Suppose 0 = 4*k + 2*v - 552, 2*k + 2*v = -k + 413. Suppose k - 421 = -2*h. List the prime factors of h.
3, 47
List the prime factors of ((-86)/4)/((-2)/4).
43
Let j(q) be the first derivative of 5*q**3 - q**2 - q - 3. Let d = 4 - 5. List the prime factors of j(d).
2
Let i(t) = 2*t**2 + 4*t + 2. What are the prime factors of i(-9)?
2
Let i(d) = 4*d**3 - 6*d**2 + 10*d + 2. What are the prime factors of i(6)?
2, 5, 71
Let b(p) be the second derivative of p**4/4 + p**3/3 + p. Let f be (-4)/6*-3*1. What are the prime factors of b(f)?
2
Let p = -217 - -455. What are the prime factors of p?
2, 7, 17
Suppose 68 - 232 = h. Let a = h - -275. What are the prime factors of a?
3, 37
Suppose -o + 19 = 4*d - d, 0 = -5*d + o + 21. Suppose l + 45 = 3*x, d*l = 5*x + l - 75. List the prime factors of x.
3, 5
Suppose -m - 6 = 2*m. Let n(w) be the third derivative of -w**4/2 - 5*w**3/6 - 57*w**2. List the prime factors of n(m).
19
Let v(q) = -2*q**3 + q**2 + q. Let j be v(2). List the prime factors of 64/j*(-13 - -8).
2
Let q = -12 + 16. Let j be 130 - q/8*4. Suppose c - 48 = 2*t, -5*t - j = -4*c + 55. List the prime factors of c.
2, 3, 7
Let r = -18 - -18. Suppose 4*p + 3*m + m - 760 = 0, r = 3*m + 3. Suppose 3*g = -4*k + p, -167 + 51 = -2*g + 3*k. List the prime factors of g.
61
Let d(g) = g**2 + 10*g + 13. Let i be d(-9). Suppose i*a = 2 + 6. List the prime factors of a.
2
What are the prime factors of (-28)/(-28) - (-1856)/2 - 5?
2, 3, 7, 11
Let o(w) = -471*w**3 + 2*w**2 - 1. What are the prime factors of o(-1)?
2, 59
Suppose 4*m + 2*k = -3*k + 30, -2*m + 5*k = 0. Suppose -3*y + 3*q + 35 = -55, 2*q - 115 = -m*y. What are the prime factors of y?
5
Suppose -8*j = -5*j - 4*m - 7112, 2*m + 11844 = 5*j. List the prime factors of j.
2, 37
Suppose 0 = -4*w + 47 + 65. Suppose 0*j - j = -w. List the prime factors of (-7)/j + (-306)/(-8).
2, 19
Suppose 0 = y - 6 - 4. Let c(j) = -j**3 + 10*j**2 - 3*j + 15. Let v be c(y). What are the prime factors of -2*(v/6 - 0)?
5
Let l be -1*5/((-10)/4). Let d be l - 0 - (-37 + 3). Suppose -69 = -5*g + d. List the prime factors of g.
3, 7
Suppose 9*m + 6*m + 1560 = 0. Let v = m - -116. What are the prime factors of v?
2, 3
Suppose 4*b - 2*y = 22, 2*b + b + 2*y = 6. Suppose b*s - 5*s + 55 = 0. Suppose h + r = -7 + 18, 5*h - s = -r. List the prime factors of h.
11
Let h = -1324 + 1959. List the prime factors of h.
5, 127
Let g = 223 - 47. Suppose 9*x - g - 472 = 0. List the prime factors of x.
2, 3
Suppose -2*o - t + 5 = 0, 0 = -0*o + 3*o - 2*t + 3. List the prime factors of (-1 - -44)*1/o.
43
Let k(q) = 5 + 7*q + 0*q + 4*q + 2*q. Let l be k(-7). Let i = -57 - l. What are the prime factors of i?
29
Let g(w) = w**2 - 225*w + 22. List the prime factors of g(-18).
2, 7, 157
List the prime factors of 2/17 - 149868/(-612).
5, 7
Let z be 3*(1 - 0) + 62. Suppose x + 5*o = 90, 5*x - z = -2*o + 293. Suppose x = 5*y - 125. What are the prime factors of y?
3, 13
Let s be (-10)/25*(0 - -50). What are the prime factors of (-2)/(-1) - (s + 5)?
17
Let l = -5507 + 7911. What are the prime factors of l?
2, 601
Let a be -42*606/(-96) + (-2)/16. Suppose -5*b = -5*y - a, b + 2*y + 11 = 79. What are the prime factors of b?
2, 29
Suppose 49*y - 313980 = -11*y. List the prime factors of y.
5233
Suppose 5*w + 5*z = 5346 + 349, 6 = -2*z. What are the prime factors of w?
2, 571
